4155?
4
What is the remainder when 16163 is divided by 1815?
1643
Calculate the remainder when 8950 is divided by 57.
1
Calculate the remainder when 33570 is divided by 273.
264
What is the remainder when 17253 is divided by 90?
63
Calculate the remainder when 836 is divided by 64.
4
Calculate the remainder when 1187709 is divided by 1627.
1626
What is the remainder when 2656 is divided by 447?
421
What is the remainder when 932039 is divided by 54?
53
Calculate the remainder when 160 is divided by 52.
4
Calculate the remainder when 49156 is divided by 54.
16
Calculate the remainder when 42319 is divided by 30.
19
Calculate the remainder when 3145881 is divided by 55.
46
What is the remainder when 25629 is divided by 144?
141
What is the remainder when 40696 is divided by 306?
304
Calculate the remainder when 1748 is divided by 391.
184
What is the remainder when 245028 is divided by 20419?
0
What is the remainder when 129283 is divided by 25852?
23
Calculate the remainder when 387400 is divided by 95.
85
Calculate the remainder when 324 is divided by 107.
3
What is the remainder when 4390 is divided by 1029?
274
What is the remainder when 19063 is divided by 1059?
1
What is the remainder when 168176 is divided by 111?
11
Calculate the remainder when 7960 is divided by 59.
54
What is the remainder when 93478 is divided by 1640?
1638
What is the remainder when 58768 is divided by 39?
34
What is the remainder when 5606 is divided by 267?
266
Calculate the remainder when 33773 is divided by 48.
29
Calculate the remainder when 194860 is divided by 51.
40
Calculate the remainder when 18864 is divided by 18759.
105
What is the remainder when 325501 is divided by 97?
66
What is the remainder when 34245 is divided by 3423?
15
Calculate the remainder when 9976 is divided by 1654.
52
Calculate the remainder when 2242 is divided by 28.
2
What is the remainder when 3027 is divided by 409?
164
Calculate the remainder when 37431 is divided by 17.
14
What is the remainder when 678 is divided by 256?
166
What is the remainder when 131636 is divided by 11?
10
Calculate the remainder when 14478 is divided by 51.
45
Calculate the remainder when 1442 is divided by 337.
94
What is the remainder when 6044 is divided by 1371?
560
What is the remainder when 18629 is divided by 4653?
17
What is the remainder when 162254 is divided by 190?
184
Calculate the remainder when 23911 is divided by 994.
55
What is the remainder when 58391 is divided by 282?
17
Calculate the remainder when 34968 is divided by 99.
21
What is the remainder when 3046 is divided by 349?
254
Calculate the remainder when 940197 is divided by 24.
21
Calculate the remainder when 2037 is divided by 752.
533
Calculate the remainder when 605 is divided by 87.
83
Calculate the remainder when 30180 is divided by 51.
39
What is the remainder when 44530 is divided by 14837?
19
Calculate the remainder when 60608 is divided by 20190.
38
What is the remainder when 746 is divided by 226?
68
What is the remainder when 56601 is divided by 171?
0
Calculate the remainder when 232124 is divided by 46.
8
What is the remainder when 3243 is divided by 129?
18
Calculate the remainder when 1295 is divided by 1137.
158
Calculate the remainder when 26729 is divided by 2672.
9
Calculate the remainder when 42742 is divided by 225.
217
What is the remainder when 45092 is divided by 1503?
2
What is the remainder when 5392 is divided by 270?
262
What is the remainder when 195364 is divided by 521?
510
What is the remainder when 18282 is divided by 53?
50
Calculate the remainder when 7249 is divided by 1204.
25
What is the remainder when 21325 is divided by 60?
25
What is the remainder when 3940365 is divided by 181?
176
What is the remainder when 19486 is divided by 174?
172
What is the remainder when 4703 is divided by 426?
17
Calculate the remainder when 39912 is divided by 553.
96
Calculate the remainder when 2134 is divided by 638.
220
What is the remainder when 314616 is divided by 47?
45
What is the remainder when 2152 is divided by 552?
496
What is the remainder when 556136 is divided by 373?
366
What is the remainder when 7952 is divided by 17?
13
What is the remainder when 1563 is divided by 447?
222
Calculate the remainder when 32169 is divided by 325.
319
Calculate the remainder when 35825 is divided by 314.
29
What is the remainder when 41423 is divided by 4141?
13
What is the remainder when 5139 is divided by 122?
15
Calculate the remainder when 20667 is divided by 242.
97
What is the remainder when 115922 is divided by 73?
71
Calculate the remainder when 38683 is divided by 530.
523
Calculate the remainder when 6582 is divided by 1093.
24
What is the remainder when 345343 is divided by 172662?
19
Calculate the remainder when 161069 is divided by 413.
412
What is the remainder when 50915 is divided by 12?
11
What is the remainder when 89503 is divided by 118?
59
Calculate the remainder when 2090 is divided by 227.
47
Calculate the remainder when 42305 is divided by 65.
55
Calculate the remainder when 118523 is divided by 166.
165
What is the remainder when 77978 is divided by 25989?
11
What is the remainder when 5387 is divided by 1592?
611
Calculate the remainder when 141056 is divided by 116.
0
Calculate the remainder when 3556 is divided by 595.
581
What is the remainder when 4240 is divided by 66?
16
What is the remainder when 353129 is divided by 3125?
4
What is the remainder when 4139 is divided by 1548?
1043
What is the remainder when 7175 is divided by 499?
189
What is the remainder when 1220 is divided by 1155?
65
What is the remainder when 5824 is divided by 391?
350
Calculate the remainder when 247408 is divided by 9163.
7
What is the remainder when 26218 is divided by 4369?
4
What is the remainder when 267005 is divided by 224?
221
What is the remainder when 2865 is divided by 116?
81
Calculate the remainder when 26711 is divided by 26446.
265
Calculate the remainder when 1047 is divided by 339.
30
Calculate the remainder when 3662 is divided by 456.
14
What is the remainder when 21673 is divided by 7153?
214
Calculate the remainder when 1209 is divided by 626.
583
What is the remainder when 14429 is divided by 140?
9
Calculate the remainder when 29907 is divided by 230.
7
Calculate the remainder when 221179 is divided by 54.
49
Calculate the remainder when 244 is divided by 22.
2
Calculate the remainder when 163 is divided by 54.
1
What is the remainder when 53563 is divided by 26774?
15
What is the remainder when 152622 is divided by 161?
155
Calculate the remainder when 38104 is divided by 12693.
25
What is the remainder when 38615 is divided by 55?
5
Calculate the remainder when 7589 is divided by 347.
302
What is the remainder when 350141 is divided by 116708?
17
What is the remainder when 17096 is divided by 86?
68
What is the remainder when 2363055 is divided by 569?
567
Calculate the remainder when 1894497 is divided by 500.
497
Calculate the remainder when 3646 is divided by 406.
398
Calculate the remainder when 7196 is divided by 36.
32
What is the remainder when 442 is divided by 208?
26
What is the remainder when 178930 is divided by 337?
320
What is the remainder when 10234 is divided by 1072?
586
What is the remainder when 29869 is divided by 2487?
25
Calculate the remainder when 27969 is divided by 595.
4
Calculate the remainder when 13450 is divided by 538.
0
Calculate the remainder when 5291 is divided by 30.
11
Calculate the remainder when 2673 is divided by 884.
21
Calculate the remainder when 12555 is divided by 251.
5
Calculate the remainder when 4374 is divided by 291.
9
Calculate the remainder when 727 is divided by 270.
187
Calculate the remainder when 16084 is divided by 108.
100
Calculate the remainder when 2196 is divided by 723.
27
Calculate the remainder when 2744 is divided by 1177.
390
Calculate the remainder when 8435 is divided by 936.
11
What is the remainder when 17996 is divided by 546?
524
Calculate the remainder when 12239 is divided by 6106.
27
What is the remainder when 41422 is divided by 767?
4
Calculate the remainder when 1779 is divided by 139.
111
Calculate the remainder when 9243 is divided by 369.
18
Calculate the remainder when 3178 is divided by 6.
4
